{"id":28,"date":"2022-01-15T13:57:17","date_gmt":"2022-01-15T12:57:17","guid":{"rendered":"https:\/\/brainwork-consultancy.com\/?page_id=28"},"modified":"2022-01-15T13:58:36","modified_gmt":"2022-01-15T12:58:36","slug":"impressum-datenschutzerklaerung","status":"publish","type":"page","link":"https:\/\/brainwork-consultancy.com\/?page_id=28","title":{"rendered":"Impressum &#038; Datenschutzerkl\u00e4rung"},"content":{"rendered":"\n<p><\/p>\n\n\n\n<p>Die nachfolgende Datenschutzerkl\u00e4rung gilt f\u00fcr die Nutzung der Webseite www.brainwork-consultancy.com (nachfolgend \u201eWebsite\u201c).<\/p>\n\n\n\n<p>Die Erhebung und Verarbeitung Ihrer personenbezogenen Daten geschieht unter Beachtung der geltenden datenschutzrechtlichen Vorschriften, insbesondere der EU-Datenschutzgrundverordnung (DSGVO). Personenbezogen Daten werden erhoben und verarbeitet, um Ihnen die oben genannte Website anbieten zu k\u00f6nnen. Diese Erkl\u00e4rung beschreibt, wie und zu welchem Zweck Ihre Daten erfasst und genutzt werden und welche Wahlm\u00f6glichkeiten Sie im Zusammenhang mit pers\u00f6nlichen Daten haben.<\/p>\n\n\n\n<p>Durch Ihre Verwendung dieser Website stimmen Sie der Erfassung, Nutzung und \u00dcbertragung Ihrer Daten gem\u00e4\u00df dieser Datenschutzerkl\u00e4rung zu.<\/p>\n\n\n\n<p><strong>1 Verantwortliche Stelle und Kontakt<\/strong><\/p>\n\n\n\n<p>brainwork Consultancy<br>H\u00e4slenweg 37<br>71642 Ludwigsburg<\/p>\n\n\n\n<p>Sofern Sie der Erhebung, Verarbeitung oder Nutzung Ihrer Daten durch uns nach Ma\u00dfgabe dieser Datenschutzbestimmungen insgesamt oder f\u00fcr einzelne Ma\u00dfnahmen widersprechen wollen, k\u00f6nnen Sie Ihren Widerspruch an die oben genannte verantwortliche Stelle richten.<\/p>\n\n\n\n<p><strong>2 Allgemeine Nutzung der Website<\/strong><\/p>\n\n\n\n<p><strong>2.1 Zugriffsdaten<\/strong><\/p>\n\n\n\n<p>Der Verantwortliche, bzw. deren Hostingprovider, erhebt auf Grundlage von berechtigten Interessen im Sinne des Art. 6 Abs. 1 lit. f. DSGVO Daten \u00fcber jeden Zugriff auf den Server, auf dem sich dieser Dienst befindet (sogenannte Serverlogfiles).<\/p>\n\n\n\n<p>In Server-Log-Dateien erhebt und speichert der Provider der Website automatisch Informationen, die Ihr Browser automatisch an diesen \u00fcbermittelt. Dies sind:<\/p>\n\n\n\n<ul><li>Name und URL der abgerufenen Seite<\/li><li>Daten \u00fcber den Status des Abrufs (http response code)<\/li><li>\u00dcbertragene Datenmenge<\/li><li>Browsertyp und Browserversion<\/li><li>Verwendetes Betriebssystem<\/li><li>Referrer URL<\/li><li>Hostname des zugreifenden Rechners<\/li><li>Datum und Uhrzeit der Serveranfrage<\/li><li>IP-Adresse<\/li><li>Anfragender Provider<\/li><\/ul>\n\n\n\n<p>Es findet keine Zusammenf\u00fchrung dieser Daten mit anderen Datenquellen statt. Grundlage der Datenverarbeitung bildet Art. 6 Abs. 1 lit. b DSGVO, welcher die Verarbeitung von Daten zur Erf\u00fcllung eines Vertrags oder vorvertraglicher Ma\u00dfnahmen gestattet.<\/p>\n\n\n\n<p> Der Verantwortliche nutzt diese Protokolldaten ohne Zuordnung zu Ihrer Person oder sonstiger Profilerstellung f\u00fcr statistische Auswertungen zum Zweck des Betriebs, der Sicherheit und der Optimierung des Onlineangebotes, aber auch zur anonymen Erfassung der Anzahl der Besucher auf der Website (traffic) sowie zu Umfang und zur Art der Nutzung der Website und Dienste.  Der Verantwortliche beh\u00e4lt sich vor, die Protokolldaten nachtr\u00e4glich zu \u00fcberpr\u00fcfen, wenn aufgrund konkreter Anhaltspunkte der berechtigte Verdacht einer rechtswidrigen Nutzung besteht. Eine Speicherung von IP-Adressen erfolgt f\u00fcr einen begrenzten Zeitraum in den Logfiles, wenn dies f\u00fcr Sicherheitszwecke erforderlich ist. IP-Adressen werden auch dann gespeichert, wenn der konkrete Verdacht einer Straftat im Zusammenhang mit der Nutzung dieser Website besteht.<\/p>\n\n\n\n<p><strong>2.2 E-Mail Kontakt<\/strong><\/p>\n\n\n\n<p>Wenn Sie mit  dem Verantwortlichen  per E-Mail in Kontakt treten, werden Ihre darin gegebenen Angaben zur Bearbeitung der Anfrage gespeichert sowie f\u00fcr den Fall, dass Anschlussfragen entstehen. Weitere personenbezogene Daten werden nur dann gespeichert und genutzt, wenn Sie dazu einwilligen oder wenn dies ohne besondere Einwilligung gesetzlich zul\u00e4ssig ist.<\/p>\n\n\n\n<p><strong>2.3 Kontaktformular<\/strong><\/p>\n\n\n\n<p>\u00dcber die gegbenfalls via Kontaktformular von der Website \u00fcbermittelten Daten werden einschlie\u00dflich Ihrer Kontaktdaten gespeichert, um Ihre Anfrage bearbeiten zu k\u00f6nnen oder um f\u00fcr Anschlussfragen bereitzustehen. Eine Weitergabe dieser Daten findet ohne Ihre Einwilligung nicht statt.<\/p>\n\n\n\n<p>Die Verarbeitung der in das Kontaktformular eingegebenen Daten erfolgt ausschlie\u00dflich auf Grundlage Ihrer Einwilligung (Art. 6 Abs. 1 lit. a DSGVO). Ein Widerruf Ihrer bereits erteilten Einwilligung ist jederzeit m\u00f6glich. F\u00fcr den Widerruf gen\u00fcgt eine formlose Mitteilung per E-Mail. Die Rechtm\u00e4\u00dfigkeit der bis zum Widerruf erfolgten Datenverarbeitungsvorg\u00e4nge bleibt vom Widerruf unber\u00fchrt.<\/p>\n\n\n\n<p>\u00dcber das Kontaktformular \u00fcbermittelte Daten verbleiben beim Veranworltichen, bis Sie zur L\u00f6schung auffordern, Ihre Einwilligung zur Speicherung widerrufen oder keine Notwendigkeit der Datenspeicherung mehr besteht. Zwingende gesetzliche Bestimmungen, insbesondere Aufbewahrungsfristen, bleiben hiervon unber\u00fchrt.<\/p>\n\n\n\n<p><strong>2.4 Cookies<\/strong><\/p>\n\n\n\n<p>Die Website verwendet Cookies. Dies sind kleine Textdateien, die Ihr Webbrowser auf Ihrem Endger\u00e4t speichert. Cookies helfen dabei, die Website nutzerfreundlicher, effektiver und sicherer zu machen.<\/p>\n\n\n\n<p>Einige Cookies sind \u201cSession-Cookies.\u201d Diese Cookies werden nach Ende Ihrer Browser-Sitzung von selbst gel\u00f6scht. Hingegen bleiben andere Cookies auf Ihrem Endger\u00e4t bestehen, bis Sie diese selbst l\u00f6schen. Solche Cookies helfen dabei Sie bei R\u00fcckkehr auf die Website wiederzuerkennen.<\/p>\n\n\n\n<p>Mit modernen Webbrowsern k\u00f6nnen Sie das Setzen von Cookies \u00fcberwachen, einschr\u00e4nken oder unterbinden. Viele Webbrowser lassen sich so konfigurieren, dass Cookies mit dem Schlie\u00dfen des Programms von selbst gel\u00f6scht werden. Die Deaktivierung von Cookies kann eine eingeschr\u00e4nkte Funktionalit\u00e4t der Website zur Folge haben.<\/p>\n\n\n\n<p>Das Setzen von Cookies, die zur Aus\u00fcbung elektronischer Kommunikationsvorg\u00e4nge oder der Bereitstellung bestimmter, von Ihnen erw\u00fcnschter Funktionen (z.B. Warenkorb) notwendig sind, erfolgt auf Grundlage von Art. 6 Abs. 1 lit. f DSGVO. Als Betreiber der Website besteht ein berechtigtes Interesse an der Speicherung von Cookies zur technisch fehlerfreien und reibungslosen Bereitstellung solcher Dienste. Sofern die Setzung anderer Cookies (z.B. f\u00fcr Analyse-Funktionen) erfolgt, werden diese in dieser Datenschutzerkl\u00e4rung separat behandelt.<\/p>\n\n\n\n<p><strong>2.5 Google Analytics<\/strong><\/p>\n\n\n\n<p>Die Website verwendet Funktionen des Webanalysedienstes Google Analytics. Anbieter des Webanalysedienstes ist die Google Inc., 1600 Amphitheatre Parkway, Mountain View, CA 94043, USA.<\/p>\n\n\n\n<p>Google Analytics verwendet \u201eCookies.\u201c Das sind kleine Textdateien, die Ihr Webbrowser auf Ihrem Endger\u00e4t speichert und eine Analyse der Website-Benutzung erm\u00f6glichen. Mittels Cookie erzeugte Informationen \u00fcber Ihre Benutzung unserer Website werden an einen Server von Google \u00fcbermittelt und dort gespeichert. Server-Standort ist im Regelfall die USA.<\/p>\n\n\n\n<p>Das Setzen von Google-Analytics-Cookies erfolgt auf Grundlage von Art. 6 Abs. 1 lit. f DSGVO. Als Betreiber dieser Website besteht ein berechtigtes Interesse an der Analyse des Nutzerverhaltens, um das Webangebot und ggfs. auch Werbung zu optimieren.<\/p>\n\n\n\n<p>IP-Anonymisierung<\/p>\n\n\n\n<p>Die Website setzen Google Analytics in Verbindung mit der Funktion IP-Anonymisierung ein. Dies gew\u00e4hrleistet, dass Google Ihre IP-Adresse innerhalb von Mitgliedstaaten der Europ\u00e4ischen Union oder in anderen Vertragsstaaten des Abkommens \u00fcber den Europ\u00e4ischen Wirtschaftsraum vor der \u00dcbermittlung in die USA k\u00fcrzt. Es kann Ausnahmef\u00e4lle geben, in denen Google die volle IP-Adresse an einen Server in den USA \u00fcbertr\u00e4gt und dort k\u00fcrzt. In unserem Auftrag wird Google diese Informationen benutzen, um Ihre Nutzung der Website auszuwerten, um Reports \u00fcber Websiteaktivit\u00e4ten zu erstellen und um weitere mit der Websitenutzung und der Internetnutzung verbundene Dienstleistungen gegen\u00fcber uns zu erbringen. Es findet keine Zusammenf\u00fchrung der von Google Analytics \u00fcbermittelten IP-Adresse mit anderen Daten von Google statt.<\/p>\n\n\n\n<p>Browser Plugin<\/p>\n\n\n\n<p>Das Setzen von Cookies durch Ihren Webbrowser ist verhinderbar. Einige Funktionen dieser Website k\u00f6nnten dadurch jedoch eingeschr\u00e4nkt werden. Ebenso k\u00f6nnen Sie die Erfassung von Daten bez\u00fcglich Ihrer Website-Nutzung einschlie\u00dflich Ihrer IP-Adresse mitsamt anschlie\u00dfender Verarbeitung durch Google unterbinden. Dies ist m\u00f6glich, indem Sie das \u00fcber folgenden Link erreichbare Browser-Plugin herunterladen und installieren: <a href=\"https:\/\/tools.google.com\/dlpage\/gaoptout?hl=de\" target=\"_blank\" rel=\"noreferrer noopener\">https:\/\/tools.google.com\/dlpage\/gaoptout?hl=de<\/a>.<\/p>\n\n\n\n<p>Widerspruch gegen die Datenerfassung<\/p>\n\n\n\n<p>Sie k\u00f6nnen die Erfassung Ihrer Daten durch Google Analytics auf dieser Website verhindern, indem Sie das \u00fcber folgenden Link erreichbare Browser-Plugin herunterladen und installieren: <a href=\"https:\/\/support.google.com\/analytics\/answer\/181881?hl=e\" target=\"_blank\" rel=\"noreferrer noopener\">https:\/\/support.google.com\/analytics\/answer\/181881?hl=e<\/a>. Es wird ein Opt-Out-Cookie gesetzt, der die Erfassung Ihrer Daten bei zuk\u00fcnftigen Besuchen dieser Website verhindert.<\/p>\n\n\n\n<p>Einzelheiten zum Umgang mit Nutzerdaten bei Google Analytics finden Sie in der Datenschutzerkl\u00e4rung von Google: <a href=\"https:\/\/support.google.com\/analytics\/answer\/6004245?hl=de\" target=\"_blank\" rel=\"noreferrer noopener\">https:\/\/support.google.com\/analytics\/answer\/6004245?hl=de<\/a>.<\/p>\n\n\n\n<p><strong>2.6 Rechtsgrundlagen und Speicherdauer<\/strong><\/p>\n\n\n\n<p>Rechtsgrundlage der Datenverarbeitung nach den vorstehenden Ziffern ist Art 6 Abs. 1 Buchstabe f DSGVO. Unser Interesse an der Datenverarbeitung ist insbesondere die Sicherstellung des Betriebs und der Sicherheit der Website, die Untersuchung der Art und Weise der Nutzung der Website durch Besucher, und die Vereinfachung der Nutzung der Website.<\/p>\n\n\n\n<p>Sofern nicht spezifisch angegeben speichern wir personenbezogene Daten nur so lange, wie dies zur Erf\u00fcllung der verfolgten Zwecke notwendig ist.<\/p>\n\n\n\n<p><strong>3 Betroffenenrechte<\/strong><\/p>\n\n\n\n<p>Sie sind jederzeit gem\u00e4\u00df Art. 15 DSGVO zur Auskunft \u00fcber die zu Ihnen bei uns gespeicherten personenbezogenen Daten berechtigt. Insbesondere k\u00f6nnen Sie Auskunft \u00fcber die Verarbeitungszwecke, die Kategorien der zu Ihnen gespeicherten Daten, die Kategorien von Empf\u00e4ngern dieser Daten, die geplante Speicherdauer, das Bestehen eines Rechts auf Berichtigung, L\u00f6schung, Einschr\u00e4nkung der Verarbeitung oder Widerspruch, das Bestehen eines Beschwerderechts bei einer Aufsichtsbeh\u00f6rde, die Herkunft Ihrer Daten, sofern diese nicht bei Ihnen erhoben wurden, sowie \u00fcber das Bestehen einer automatisierten Entscheidungsfindung einschlie\u00dflich Profiling und ggf. aussagekr\u00e4ftigen Informationen zu deren Einzelheiten verlangen.<\/p>\n\n\n\n<p>Dar\u00fcber hinaus k\u00f6nnen Sie nach Art. 16 DSGVO die Berichtigung unrichtiger Daten verlangen sowie nach Art. 17 DSGVO die L\u00f6schung personenbezogener Daten, soweit nicht die Verarbeitung zur Aus\u00fcbung des Rechts auf freie Meinungs\u00e4u\u00dferung und Information, zur Erf\u00fcllung einer rechtlichen Verpflichtung, aus Gr\u00fcnden des \u00f6ffentlichen Interesses oder zur Geltendmachung, Aus\u00fcbung oder Verteidigung von Rechtsanspr\u00fcchen erforderlich ist.<\/p>\n\n\n\n<p>Ferner haben Sie das Recht, gem\u00e4\u00df Art. 18 DSGVO Sperrung oder Einschr\u00e4nkung der Verarbeitung Ihrer personenbezogenen Daten zu verlangen, soweit die Richtigkeit der Daten von Ihnen bestritten wird, die Verarbeitung unrechtm\u00e4\u00dfig ist, Sie deren L\u00f6schung aber ablehnen und wir die Daten nicht mehr ben\u00f6tigen, Sie diese jedoch zur Geltendmachung, Aus\u00fcbung oder Verteidigung von Rechtsanspr\u00fcchen ben\u00f6tigen oder Sie gem\u00e4\u00df Art. 21 DSGVO Widerspruch gegen die Verarbeitung eingelegt haben.<\/p>\n\n\n\n<p>Weiter steht Ihnen gem\u00e4\u00df Art. 20 DSGVO das Recht zu, Ihre personenbezogenen Daten, die Sie uns bereitgestellt haben, in einem strukturierten, g\u00e4ngigen und maschinenlesbaren Format zu erhalten oder die \u00dcbermittlung an einen anderen Verantwortlichen zu verlangen.<\/p>\n\n\n\n<p>Sofern Ihre personenbezogenen Daten auf Grundlage von berechtigten Interessen nach Art. 6 Abs. 1 S. 1 lit. f DSGVO verarbeitet werden, haben Sie schlie\u00dflich nach Art. 21 DSGVO das Recht, jederzeit gegen die Verarbeitung Ihrer personenbezogenen Daten Widerspruch einzulegen, soweit daf\u00fcr Gr\u00fcnde vorliegen, die sich aus Ihrer besonderen Situation ergeben oder sich der Widerspruch gegen die Verarbeitung zu Zwecken der Direktwerbung richtet. Im letztgenannten Fall haben Sie ein grunds\u00e4tzliches Widerspruchsrecht, das ohne Angabe einer besonderen Situation von uns umgesetzt wird.<\/p>\n\n\n\n<p>Sollten Sie der Auffassung sein, dass die Verarbeitung Ihrer personenbezogenen Daten durch uns nicht im Einklang mit geltendem Recht steht, k\u00f6nnen Sie nach Art. 77 DSGVO Beschwerde bei einer Aufsichtsbeh\u00f6rde erheben.<\/p>\n\n\n\n<p>Wenn die Verarbeitung Ihrer Daten auf Ihrer nach Art. 6 Abs. 1 lit. a DGSVO erteilten Einwilligung beruht, haben Sie das Recht, diese Einwilligung jederzeit mit Wirkung f\u00fcr die Zukunft zu widerrufen.<\/p>\n\n\n\n<p><strong>4 Datensicherheit<\/strong><\/p>\n\n\n\n<p>Wir verwenden innerhalb dieser Website f\u00fcr die Daten\u00fcbertragung TLS\/ SSL-Verfahren in Verbindung mit der jeweils h\u00f6chsten Verschl\u00fcsselungsstufe, die von Ihrem Browser unterst\u00fctzt wird. Wie weisen jedoch darauf hin, dass die Daten\u00fcbertragung im Internet (z.B. bei der Kommunikation per E-Mail) Sicherheitsl\u00fccken aufweisen kann. Ein l\u00fcckenloser Schutz der Daten vor dem Zugriff durch Dritte ist nicht m\u00f6glich<\/p>\n\n\n\n<p>Wir bedienen uns im \u00dcbrigen geeigneter technischer und organisatorischer Sicherheitsma\u00dfnahmen, um Ihre Daten gegen Manipulationen, Verlust, Zerst\u00f6rung oder gegen unbefugten Zugriff Dritter zu sch\u00fctzen. Unsere Sicherheitsma\u00dfnahmen werden entsprechend der technologischen Entwicklung fortlaufend verbessert.<\/p>\n\n\n\n<p><strong>5 Automatisierte Entscheidungsfindung<\/strong><\/p>\n\n\n\n<p>Eine automatisierte Entscheidungsfindung auf der Grundlage der erhobenen personenbezogenen Daten findet nicht statt.<\/p>\n\n\n\n<p><strong>6 Weitergabe von Daten an Dritte, Daten\u00fcbertragung ins Nicht-EU-Ausland<\/strong><\/p>\n\n\n\n<p>Grunds\u00e4tzlich verwenden wir Ihre personenbezogenen Daten nur innerhalb unseres Unternehmens.<\/p>\n\n\n\n<p>Wenn und soweit wir Dritte im Rahmen der Erf\u00fcllung von Vertr\u00e4gen einschalten erhalten diese personenbezogene Daten nur in dem f\u00fcr die Erf\u00fcllung erforderlichen Umfang.<\/p>\n\n\n\n<p>F\u00fcr den Fall, dass wir bestimmte Teile der Datenverarbeitung auslagern (\u201eAuftragsverarbeitung\u201c), verpflichten wir den Auftragsverarbeiter vertraglich dazu, personenbezogene Daten nur im Einklang mit den Anforderungen der Datenschutzgesetze zu verwenden und den Schutz der Rechte der betroffenen Person zu gew\u00e4hrleisten.<\/p>\n\n\n\n<p>Eine Daten\u00fcbertragung an Stellen oder Personen au\u00dferhalb der EU mit Ausnahme der in Punkt 2 genannten F\u00e4llen findet nicht statt und ist nicht geplant.<\/p>\n","protected":false},"excerpt":{"rendered":"<p>Die nachfolgende Datenschutzerkl\u00e4rung gilt f\u00fcr die Nutzung der Webseite www.brainwork-consultancy.com (nachfolgend \u201eWebsite\u201c). Die Erhebung und Verarbeitung Ihrer personenbezogenen Daten geschieht<span class=\"more-dots\">&#8230;<\/span><\/p>\n","protected":false},"author":1,"featured_media":0,"parent":0,"menu_order":0,"comment_status":"closed","ping_status":"closed","template":"","meta":[],"_links":{"self":[{"href":"https:\/\/brainwork-consultancy.com\/index.php?rest_route=\/wp\/v2\/pages\/28"}],"collection":[{"href":"https:\/\/brainwork-consultancy.com\/index.php?rest_route=\/wp\/v2\/pages"}],"about":[{"href":"https:\/\/brainwork-consultancy.com\/index.php?rest_route=\/wp\/v2\/types\/page"}],"author":[{"embeddable":true,"href":"https:\/\/brainwork-consultancy.com\/index.php?rest_route=\/wp\/v2\/users\/1"}],"replies":[{"embeddable":true,"href":"https:\/\/brainwork-consultancy.com\/index.php?rest_route=%2Fwp%2Fv2%2Fcomments&post=28"}],"version-history":[{"count":4,"href":"https:\/\/brainwork-consultancy.com\/index.php?rest_route=\/wp\/v2\/pages\/28\/revisions"}],"predecessor-version":[{"id":33,"href":"https:\/\/brainwork-consultancy.com\/index.php?rest_route=\/wp\/v2\/pages\/28\/revisions\/33"}],"wp:attachment":[{"href":"https:\/\/brainwork-consultancy.com\/index.php?rest_route=%2Fwp%2Fv2%2Fmedia&parent=28"}],"curies":[{"name":"wp","href":"https:\/\/api.w.org\/{rel}","templated":true}]}}